) = -16 + 9 + 9 + w. Give f(k).
7
Let v = -16 - -21. Let p(y) = -2*y**2 - 1 + 5*y + 7*y + 3*y**2 - v*y. Let x = 6 + -11. Determine p(x).
-11
Let i = -2/21 - -5/28. Let y(n) be the second derivative of i*n**4 + 0 + 0*n**2 - 7/20*n**5 - 5*n + 0*n**3. Give y(1).
-6
Suppose 2*c = v + 4, -4*v + 7*v + 8 = 4*c. Let h(z) = -2*z + 1. Let q(s) = -s. Let l(g) = c*h(g) - 3*q(g). Give l(-3).
5
Suppose 4*a + 2*p = p - 14, -4*a - 2*p = 12. Let q(u) be the first derivative of u**2 + 4 + 1/3*u**3 - 2*u. Give q(a).
6
Suppose -2*c - z + 3 = 1, -3*z - 10 = -2*c. Suppose 0 = -5*u + 3*y + 15, 2*u + 4*y + 12 = 6*u. Let d(r) = -c + r - r**2 - u*r - r + 0*r**2. What is d(-4)?
-6
Let t(r) = -14*r**3 - 2*r**2 + 1. Let l(m) = 8*m + 47. Let d be l(-6). Determine t(d).
13
Let c = 1 + -4. Let f = 37 - 19. Let p(n) = f*n + 1 - 19*n - n**2 + 0. Determine p(c).
-5
Suppose -21*q + 25*q - 13*q = 0. Let x(n) be the third derivative of -2/3*n**3 + 1/24*n**4 + q*n - n**2 + 0. What is x(5)?
1
Let b = 28 + -5. Suppose -z - 2*z + b = 2*o, 0 = 3*z - 15. Let q(y) = y**2 - 2*y - 2. Give q(o).
6
Let w = 8 - 8. Let o(n) be the first derivative of -n**6/360 - n**5/120 + n**4/6 + 11*n**3/3 + 1. Let g(a) be the third derivative of o(a). What is g(w)?
4
Let d(c) = -c**3 + 14*c**2 - 3*c + 12. Let b be d(14). Let g = b - -20. Let q = -8 - g. Let f(h) = -3*h + 2. Give f(q).
-4
Suppose 0 = -2*t + 3*t - 3. Let c(w) be the third derivative of -1/2*w**3 + 5/24*w**4 - 1/60*w**5 - w**2 + 0*w + 0. Determine c(t).
3
Suppose 0 = -2*d - 2*x + 124, 3*d + 5*x - 196 = -2. Let s = -56 + d. Let q(i) = i - 4. What is q(s)?
-2
Let i(s) = -2*s**3 - 4*s**2 + 3*s - 7. Let o(y) = -2 + 0 + y**3 + y + 2. Let v(a) = -i(a) - o(a). Calculate v(-5).
2
Let m(i) = -i - 18. Let r(a) = -6*a - 94. Let v(g) = -11*m(g) + 2*r(g). What is v(-7)?
17
Let s(m) be the third derivative of m**7/840 - m**6/90 - 7*m**5/120 + 2*m**3 - 34*m**2. Let u(d) be the first derivative of s(d). Determine u(5).
-10
Let p(s) = s + 8. Let y be p(-10). Let w = y - 4. Let c(d) be the first derivative of d**3/3 + 4*d**2 + 8*d + 9. Determine c(w).
-4
Let v(t) = -2*t - 2. Let o be v(0). Let y(n) be the first derivative of -12 - n**3 + 0*n - 1/2*n**2. Calculate y(o).
-10
Let t(y) = -14*y**2 - 7 + 8*y**2 + 7*y**2 + 7*y. Let u(k) = -5*k**2 - 36*k + 35. Let p(o) = -11*t(o) - 2*u(o). Calculate p(-5).
7
Let u(a) = -2*a**2 - 70*a + 29. Let s(z) = z**2 + 32*z - 13. Let b(h) = -9*s(h) - 4*u(h). Calculate b(-6).
13
Let q(s) = -s - 19. Let c = 237 - 253. Give q(c).
-3
Let g = 214 + -208. Let y(l) = -l - 6. Let h(t) = -t. Let p(z) = 3*h(z) - y(z). What is p(g)?
-6
Let j(q) = q**3 + 4*q**2 - 7*q - 1. Let f(w) = -w**3 + 7*w**2 - 7*w + 1 - 2*w**3 + 2*w**3. Let r be (-27)/(-4) + 2/(32/(-12)). Let k be f(r). Determine j(k).
9
Let r = 13 + -10. Let p(g) = -7*g + 4. Let u(b) be the third derivative of b**4/3 - 5*b**3/6 - 6*b**2. Let m(d) = -6*p(d) - 5*u(d). What is m(r)?
7
Suppose -3*h + 14 = 5. Let a(y) = 9*y + 2. Give a(h).
29
Let b(w) be the third derivative of -w**5/60 + w**4/4 - w**3/2 + 86*w**2. Give b(6).
-3
Let o(k) = -k**3 + 5*k**2 - 4*k - 4. Let b(l) be the third derivative of l**4/24 - l**3/2 + l**2. Let s be b(7). Give o(s).
-4
Suppose 12*o + 1 = -11. Let i(y) = y**3 + y**2 + 2*y + 1. What is i(o)?
-1
Let b(u) = 691*u + 8 - 1405*u + u**2 + 699*u. What is b(15)?
8
Let p(c) = 1063*c + 2*c**2 + 1 - 1068*c - 4*c**2. Calculate p(-3).
-2
Let o(n) = -2*n**2 + 3*n**2 - 4*n**3 + 3*n**3 + 3 - 2 - n. Let m be 1 - 1 - 0 - 1. Let d(h) = 2*h**3 - 4*h**2 + 3*h - 3. Let i(r) = m*d(r) - 3*o(r). Give i(-1).
0
Let k be (-3 + 1)/(((-21)/14)/3). Let j(h) = -6*h + 9. What is j(k)?
-15
Let g(x) = 10*x**2 + 22*x + 4. Let r = -92 - -99. Let n(m) = 3*m**2 + 7*m + 1. Let t(w) = r*n(w) - 2*g(w). Calculate t(-5).
-1
Let j(o) = o**2 - 12*o - 10. Let d be ((-5)/18 + 52/(-234))*-26. What is j(d)?
3
Let d(y) = 1. Let h(w) be the first derivative of w**2 - w + 10. Let s(v) = 5*d(v) - h(v). Let a = -4 + 8. Calculate s(a).
-2
Let t(x) = -x**2 + 9*x - 30*x + 22*x. What is t(0)?
0
Let j(w) be the third derivative of w**4/12 - w**3/6 + 24*w**2. Give j(1).
1
Suppose -196 = -2*k - 5*k. Suppose 4*l = 4*d - 19 - 25, 0 = 5*d + 4*l - k. Let m(w) = 2*w - 10. Determine m(d).
6
Let a(o) = 2*o**2 + 3*o - 3. Suppose 0 = -5*y + 4*y + 1. Let d = y + 1. Let m be (d + -1)*(-1 - 2). Give a(m).
6
Let l(r) = -2*r**2 - 13*r + 19. Let a(f) = f**2 + 6*f - 9. Let g(o) = 5*a(o) + 2*l(o). Suppose -n + 5*n + 20 = 0. Determine g(n).
-2
Let n = 55 - 52. Let k(i) = 107*i - 210*i - i**3 - 5 + 110*i + n*i**2. Calculate k(4).
7
Let l(k) be the third derivative of k**5/30 - k**4/24 - 205*k**2 + 2. Let c = -3 + 5. What is l(c)?
6
Let p(s) be the first derivative of -1/2*s**2 - 1/3*s**3 - 4*s - 7. What is p(0)?
-4
Let r(j) = 3*j**2 - j. Suppose 2 = u + 3. Let c be r(u). Suppose 3*l = c*l. Let n(m) = m - 3. What is n(l)?
-3
Let f(p) be the second derivative of -p**4/12 + p**3/2 - 3*p**2 - 28*p + 2. Give f(4).
-10
Let x(q) = -10*q**2 - 9*q + 7. Let u(t) = -15*t**2 - 13*t + 10. Let m(d) = -5*u(d) + 7*x(d). What is m(1)?
6
Suppose 0 = -2*x + 2*t - 12, -5*t = 14*x - 13*x + 36. Let s(b) = -b**2 - 10*b + 1. What is s(x)?
-10
Suppose 0 = 4*v - 7 + 19. Let k(i) = -6*i - 18. Calculate k(v).
0
Let x = -91 - -47. Let w = 40 + x. Let l(m) = -m**2 - m - 4. What is l(w)?
-16
Suppose 8*o = 4*o - 504. Let z = -123 - o. Let j(f) = 1. Let c(q) = -5*q + 6. Let g(d) = c(d) - 4*j(d). Give g(z).
-13
Suppose 4*r - 6 - 6 = 0. Suppose d + 3*u = -2 - 9, -r*d + 17 = -u. Let h(c) = 5*c + 2*c**2 - 2*c**2 - 9 - c**2 + 6. Calculate h(d).
1
Let u(z) = -165*z**2 - 3 + 2*z**3 + 4*z + 162*z**2 + 6 - 4*z**3. What is u(-3)?
18
Let s = 10 + 9. Let o = -12 + s. Let j(x) = 24*x + 6 + 23*x - 48*x + 4. Give j(o).
3
Let l(s) = -19*s + 21. Let c(y) = 12*y - 14. Let h(d) = -8*c(d) - 5*l(d). Give h(8).
-1
Let h(b) = -6*b. Suppose 7*t - 3*t = 16. Suppose -3*c + 5*g + 25 = 2*c, 0 = -t*c - 3*g + 55. Let p = -12 + c. Calculate h(p).
12
Let q(v) = -61*v + 2*v**2 + 69*v - v**3 + v**2 + 2*v**2 - 7. Suppose -2*y - 15 = y. Let x(i) = -i**3 - 6*i**2 - 5*i + 6. Let g be x(y). Give q(g).
5
Let g(s) = 4*s - 1. Let i(j) = j**3 + 4*j**2 + j - 3. Let z be i(-2). Let b(d) = -d - 1. Let c(t) = z*b(t) + g(t). Give c(3).
-1
Let p be 0 - (-3 - -4)*-12. Suppose -5*g = -2*g - p. Let y(o) = 3 - g - 2*o**2 + o**3 + 5*o**2. What is y(-3)?
-1
Let r(l) = -601*l - 3 + 6 + 600*l. Let d(w) = -w**2 + 3*w. Let h = 9 - 6. Let f be d(h). Calculate r(f).
3
Let m(s) be the third derivative of -s**6/20 + s**5/60 + s**2 - 46. Calculate m(1).
-5
Let i(c) be the second derivative of 0 + 1/12*c**4 + 3/10*c**5 + 1/6*c**3 - 5*c + 0*c**2. What is i(-1)?
-6
Let u(p) = -18*p**2 - 2*p - 2. Let o be u(-1). Let m be (o/8)/(42/(-24) + 2). Let d(l) = -l**2 - 7*l + 11. Give d(m).
-7
Let x = 493 - 491. Let n(f) be the second derivative of 0 - 2*f - 1/3*f**3 - f**x. Give n(-3).
4
Let x(k) = -3*k**2 + 2*k + 10. Let p(d) = d**2 + d - 1. Let n(o) = -4*p(o) - x(o). Calculate n(-6).
-6
Let n(b) = b + 69 + 0*b - 79 + 5*b - 5*b. Calculate n(17).
7
Let a(d) = 5*d**2 - 5*d - 10. Let n(j) = -11*j**2 + 10*j + 21. Let x(w) = -13*a(w) - 6*n(w). Calculate x(-3).
-2
Suppose -3*q = 3*l - q - 35, -3*q + 48 = 4*l. Let g = l - 14. Let n(m) = 50 - 97 + 3*m + 53. Determine n(g).
-9
Let a(c) = -6*c**2 + 3 + 3*c + c**2 + 4*c**2 - 2*c + 0*c. Let i = 8 - 8. What is a(i)?
3
Let w(y) = -y**3 + 4*y + 1. Let b be w(-2). Let k(g) = -8*g + 32*g - 16*g + b. Calculate k(-1).
-7
Let h(y) = y**2 - 4*y - 6. Let d = -5 - -7. Suppose 0 = -d*l - 5 + 7. Let k be (2 - 9/(-3))*l. Calculate h(k).
-1
Suppose 0 = 93*y - 96*y + 9. Let l(h) = -y*h - 3 + 4*h + 1 + h. Determine l(1).
0
Let v(g) = g**2 + 5*g + 2. Let z(f) = -3*f**2 - 10*f - 4. Let d(r) = 5*v(r) + 2*z(r). Suppose -l = 10*j - 6*j + 9, -j - 6 = -l. What is d(l)?
8
Let g(t) = -4*t - 5. Suppose 4*m + k - 22 = -m, -5*m + 37 = -4*k. What is g(m)?
-25
Let c(o) = -o**3 - 7*o**2 - o - 3. Suppose -14 = 2*k - 0*k. Let g be c(k). Let p(d) be the third derivative of -d**4/12 + d**3 + 3*d**2. Determine p(g).
-2
Let o(j) = -3*j**2 + 4*j**2 - 3*j + 7 + 9*j - j + 5*j. What is o(-6)?
-17
Let a(y) be the first derivative of -8 + 5*y**2 - 2*y**2 + 0*y**2. Calculate a(2).
12
Suppose -7 + 12 = y. Suppose -y*o + o + 12 = 0. Let v(f) = -o